0/175)?
2, 2897
Let z(g) = g**3 - 4*g**2 + 3. Let u be z(3). Let a be u/(1*5/(-10)). Let q(i) = i - 4. What are the prime factors of q(a)?
2
Suppose -2*d - 36119 = -5*s, 4*s - 2*d - 5576 = 23318. What are the prime factors of s?
5, 17
Suppose 0 = 307*v - 4601336 - 2366643. List the prime factors of v.
22697
Let y(r) be the third derivative of -r**6/360 + r**5/5 - r**4/4 - 4*r**3/3 - 6*r**2. Let p(d) be the first derivative of y(d). List the prime factors of p(11).
137
Suppose 22565*x - 22579*x + 486626 = 0. List the prime factors of x.
34759
Let y(v) be the first derivative of -v**4/4 - 2*v**3 - v**2 - 7*v - 104. List the prime factors of y(-6).
5
Suppose -8*t = -25*t + 6256. Suppose -10*v = -12*v + t. What are the prime factors of v?
2, 23
Suppose -n = 3*n - 3*p + 4363, 2*n - 4*p + 2184 = 0. Let v = -641 - n. List the prime factors of v.
449
Let w = 2844 + -2840. Suppose 2*q - 18 - 2 = -2*v, 4*v - 35 = -3*q. Suppose 2*k = -q*z + 217, w*k = -k - 3*z + 514. What are the prime factors of k?
101
Let u = -83 + 78. Let b be 1*((17 - -1) + u). Suppose 2621 - 710 = b*c. List the prime factors of c.
3, 7
Let r = 10685 - 6085. List the prime factors of r.
2, 5, 23
Suppose -298*h = -294*h + 40. Let m(z) = z**3 + 15*z**2 + 27*z + 35. List the prime factors of m(h).
5, 53
Let x = 2652 - 1199. Suppose 4*i - 3*n - x = 0, -4*n = -7*n + 15. What are the prime factors of i?
367
List the prime factors of (-2829)/(-92) - 30 - (-202277)/4.
2, 5, 13, 389
Suppose 44*k - 34*k + 33498 - 386048 = 0. List the prime factors of k.
5, 11, 641
Let l = -368 - -608. Suppose 4*f + 243 = 3*k, 0 = 3*k + 6*f - 9*f - l. What are the prime factors of k?
7, 11
Let o(i) = i**3 + 16*i**2 + 19*i + 86. Let a be o(-15). Suppose -4*m + a*m = 12650. What are the prime factors of m?
5, 23
Suppose -52*k = -61*k + 27. Suppose -12 = -10*l + 14*l, 0 = -4*z - k*l + 5779. List the prime factors of z.
1447
Let w(y) = -y**3 - 3*y**2 - 7*y - 8. Let v be w(-2). Suppose -5*b - u = -14, -v*b - u + 2 = -b. What are the prime factors of (b + (-6)/(-4))/(3/78)?
3, 13
Let w = -962 - -1357. Let d = -152 + w. What are the prime factors of d?
3
Suppose 4*j - 2*j = 14. Let f be 0 - -170 - (3 - j). Suppose 2*n - 4*q - f = 0, 0 = 3*n + 2*q - 315 + 78. List the prime factors of n.
3
Let x be (-40)/60 + (-11)/(-3). Suppose -15 = -3*a, 5*a + 1412 = x*h - 1470. What are the prime factors of h?
3, 17, 19
Let o = 2281 - 338. List the prime factors of o.
29, 67
List the prime factors of 10/4 - (-9187)/3*(-171)/(-114).
2, 3, 383
Let w(h) = -h**3 - 6*h**2 + 1. Let l be w(-6). Let p = l - 1. Suppose -g - 4 = 0, 0 = -2*f - p*g + 3*g + 136. What are the prime factors of f?
2, 31
Let x = -16371 + 30218. What are the prime factors of x?
61, 227
Let y(c) = -c**3 + 21*c**2 + 25*c + 22. Let d(p) = 8*p - 14 + 5*p - 14 - 8*p. Let n be d(10). List the prime factors of y(n).
2, 11
Suppose -22693*w - 246897 = -22714*w. What are the prime factors of w?
3, 3919
Let l(x) = x**3 - 21*x**2 - 23*x. Let q be l(22). Let z be q/(-5) - 16/40. Suppose -3*o + 4*w = -46, -z*o - 3*w + 55 = -2*w. What are the prime factors of o?
2, 7
Let g = -13291 + 19288. List the prime factors of g.
3, 1999
Suppose 71310 = 4*n + 822*z - 819*z, 0 = -2*n + 5*z + 35694. What are the prime factors of n?
2, 3, 743
Let f(b) be the second derivative of -5/6*b**3 + 5*b**2 + 0 + 1/12*b**4 + 16*b. What are the prime factors of f(13)?
2, 3, 19
Suppose 93*u - 18 = 87*u. Suppose -3*j = u*l - 1752, -5*j = -3*l + 2*l - 2932. List the prime factors of j.
2, 293
Suppose -b + 8 = l, -4*l + 0 = -b - 12. Suppose -2*o = b*y - 216, -53 + 149 = o + 5*y. What are the prime factors of o?
2, 29
Suppose -4 = d - 4*g + 22, d = -3*g + 9. Let c be 4 - 1 - (-4)/(-2 - d). Suppose -3*q + c*t + 330 = 13, -2*t - 313 = -3*q. What are the prime factors of q?
103
Let i = 4214 - -21665. What are the prime factors of i?
7, 3697
Suppose -311 = -q - 90. Let k = -122 + q. What are the prime factors of k?
3, 11
Let y(l) = 469 + 311*l**2 - 630*l**2 - l**3 - 3*l + 316*l**2 - 710 + 1815. List the prime factors of y(0).
2, 787
Suppose 264848 + 270357 = 234*d + 29*d. What are the prime factors of d?
5, 11, 37
Let z(c) = -c + 9. Let g = -42 + 39. Let a be z(g). List the prime factors of 1034/12 - 2/a.
2, 43
Let u(m) = 220*m + 79. Let c(i) = -109*i - 40. Let x(l) = -7*c(l) - 3*u(l). List the prime factors of x(3).
2, 11
Suppose -5*h = 5*n - 67600, 5*h - 55999 = 2*n + 11608. List the prime factors of h.
3, 4507
Let o(p) = -p + 8. Let j be o(8). Suppose -5*r - 7 = 2*f, 3*f + 0*r + 3*r - 3 = j. Suppose -s - f*l = -2*s + 91, -2*l = 5*s - 411. List the prime factors of s.
83
Suppose -12*j + 101 = 1337. Let a = 819 + j. List the prime factors of a.
2, 179
List the prime factors of (-2)/((-10)/165280*8).
2, 1033
Suppose -49*v + 68*v - 225549 = 0. What are the prime factors of v?
3, 1319
Suppose -36717 - 101837 = -29*a + 318979. What are the prime factors of a?
3, 1753
Let w(q) = q**3 + 13*q**2 + 34*q - 13. Let b be w(-9). Let p(h) = 3*h**3 - 4*h**2 - 10*h - 7. What are the prime factors of p(b)?
2, 109
Let y = 85 - -2749. List the prime factors of y.
2, 13, 109
Let x(z) = z**3 - 11*z**2 + 23*z + 1. Let t be x(8). List the prime factors of ((-14)/(-4))/t*(-1382 - 8).
5, 139
Let h = 1794 + 1745. What are the prime factors of h?
3539
Suppose -5*c + 47 = -2113. Suppose -c = 10*l - 18*l. Suppose 22 = g + 5*o, -o = -5*g + 2*o + l. List the prime factors of g.
2, 3
List the prime factors of 1/(-3) + 13888594/282.
2, 5, 197
Let l(g) = 35*g**3 - 39*g**2 + 28*g - 75. List the prime factors of l(11).
3, 14033
Suppose 2*n + 2*n = 5*n. Suppose -3*d = -5*d + 4. Suppose -l = 2*k - 3, k + n*k = -d. List the prime factors of l.
7
Suppose 0 = 10*n - 50*n - 320. What are the prime factors of (-2704)/(-3) + n/(-12)?
2, 11, 41
Let d be (-8)/5*(-175)/10. Suppose 0 = -4*j + 11*j - 1442. List the prime factors of 2*j/d - (-16)/56.
3, 5
Suppose 0*p + 3*z - 1320 = -2*p, 3261 = 5*p + z. List the prime factors of p.
3, 7, 31
Suppose 13*b + 100930 - 282111 = 0. What are the prime factors of b?
7, 11, 181
What are the prime factors of 33/12 - 66406046/(-952)?
79, 883
Suppose -2*b = 26*b. Suppose 0 = 5*w + n - 1052, -4*w + n + 570 + 277 = b. List the prime factors of w.
211
Let x(c) = c**2 + 3*c - 1. Let y be x(-4). Suppose -3*z + 23 = -r, -3*z - y*r = -0*r - 3. Suppose -3*t + z*t = 126. What are the prime factors of t?
2, 3, 7
Suppose 56*l = -61*l + 101*l + 325664. What are the prime factors of l?
2, 10177
Let y(u) = -52797*u - 107. List the prime factors of y(-1).
2, 5, 11, 479
Suppose 17238 = 5*b - 11477. List the prime factors of b.
5743
Let p(v) = -17*v**3 - 66*v**2 - 11*v - 51. What are the prime factors of p(-12)?
3, 739
Suppose -20*m = 86*m - 4382146. What are the prime factors of m?
41341
Let a(k) = 1489*k + 2084. What are the prime factors of a(8)?
2, 3499
Suppose -8 = j - 52. Let m be j/10 + 8/(-20). Suppose 7*y - m*y - 4*h = 127, -3*y + h + 142 = 0. List the prime factors of y.
7
Let h(m) = -152*m + 2. Let u be h(-3). Let q(s) = 130*s - 10. Let r be q(-2). Let p = u + r. What are the prime factors of p?
2, 47
Suppose o + 12 = 15. Suppose 0 = -a + o*u + 1596, a - u - 1600 = -2*u. What are the prime factors of a?
3, 13, 41
Let k(n) = 36*n**2 + 154*n - 386. What are the prime factors of k(-26)?
2, 9973
Let w(h) = 35*h**2 - h - 279. List the prime factors of w(23).
3, 13, 467
Suppose 9*n + 23154 = 19*n - 7*n. List the prime factors of n.
2, 17, 227
Let f be -84 + 83 - (-1 - 206). Let p = -194 + f. List the prime factors of p.
2, 3
Suppose 4*u - a = 1006, 2*u = 7*u - 5*a - 1265. Let p = u - -127. What are the prime factors of p?
2, 3, 7
Let u = 564 - 4. Let x = 1199 - u. What are the prime factors of x?
3, 71
Let l(i) = 18*i - 176. Let y be l(12). Let v be (-2)/(-2 + 0)*-9. Let w = v + y. What are the prime factors of w?
31
Suppose -113*a = -119*a - 372. Let s = 135 + a. What are the prime factors of s?
73
Let w be 15*(-3)/(-9) + -2. Suppose 5*p + r = 1957, -p + w*p = -r + 781. List the prime factors of p.
2, 7
Suppose -31072 = -0*y - 4*y - 2*g, -38839 = -5*y - 2*g. What are the prime factors of y?
3, 863
Suppose 89 = 7*s + 33. Suppose 17 = 3*v - 4. What are the prime factors of (2 - 5)*(v - s)?
3
Let p = -26919 - -50884. What are the p